2
Let q(o) = 2*o**2 - 4*o + 5. Let u be q(4). Let f = -12 + u. What is the units digit of f?
9
Let s(d) = -d**3 + 8*d**2 - 3*d - 5. What is the units digit of s(7)?
3
Suppose 0 = 46*k - 48*k + 536. What is the units digit of k?
8
Let d be ((-72)/42)/((-4)/14). Let m(g) = g**2 - 7*g + 7. What is the units digit of m(d)?
1
Suppose -10*g = -9*g - 132. What is the hundreds digit of g?
1
Suppose -4*u + 48 - 8 = h, -2*u + 4 = 0. Suppose -o = -2*a + 4*a - h, 2*a - 2*o = 38. What is the tens digit of a?
1
Let x = 125 + -77. What is the units digit of x?
8
Let y = -20 - -63. What is the tens digit of y?
4
Suppose -3*a - a = -76. What is the tens digit of a?
1
Suppose -8*s - 23 = -103. What is the units digit of s?
0
Let y(w) = -w**2 - 6*w + 9. Let s(f) = f**3 + 3*f**2 + 2*f - 1. Let b be s(-3). What is the units digit of y(b)?
2
Suppose 0 = -2*z + 2*b - 2, 4 = -3*b + 7*b. Let g be (z - 0) + 5/5. Let h(f) = 2*f**3 + f**2 - f. What is the units digit of h(g)?
2
Let v(j) = -4*j - 33. Let h(a) = -a - 11. Let x(t) = -7*h(t) + 2*v(t). Let b = -17 + 7. What is the tens digit of x(b)?
2
Let y = 30 + -17. What is the tens digit of y?
1
Suppose -m = -12 - 0. What is the tens digit of m?
1
Suppose x - 88 = -18. What is the units digit of x?
0
Let l be 0/(-1) + 2 + 2. Let n be 1/l - (-7)/4. What is the units digit of n/((-1)/(1/(-1)))?
2
Let n = 50 + -32. What is the tens digit of n?
1
Let x(m) = m**2 + m + 35. Let r be x(0). What is the units digit of (-4)/14 - (-150)/r?
4
Suppose -2*f = -4*v - 362, v = -5*f + 3*v + 921. What is the hundreds digit of f?
1
Let z(o) = o**2 + 2*o + 3. Let d be z(3). Suppose -4*y - 70 = 2*q, -3*y - 50 + 10 = -q. What is the units digit of (-3)/((y/d)/5)?
8
Let p be (-6)/(-2 - 1) - -3. Let k be (-2)/p*1*5. Let c(a) = 2*a**2 + 3*a + 3. What is the units digit of c(k)?
5
Let z(a) = a**3 - 8*a**2 + 9*a - 10. Let w = -11 + 18. What is the units digit of z(w)?
4
Let g(j) = 4*j**2 + 2*j - 3. Suppose 0 = -5*h - 3*r - 2, 0 = h - 0*h - 3*r - 14. What is the units digit of g(h)?
7
Let d(m) = 2*m - 3. Let z be d(6). Suppose -z = -5*b + 2*b. What is the units digit of b?
3
Let c = -42 - -135. Suppose 53 = 3*t - 4*y, -5*t + 2*y + c = -0*t. What is the tens digit of t?
1
Suppose -3*s = -2*s - 50. What is the units digit of s/1 + -1 + -1?
8
What is the units digit of (-6)/(-4)*1368/12?
1
Suppose 60 + 58 = 4*i - 5*v, -3*v = 4*i - 102. What is the tens digit of i?
2
Suppose -5*u = -2*u - 363. What is the units digit of u?
1
Suppose -4*n - 178 = 2*q, 5*q + 9 = -3*n - 114. What is the tens digit of (4 + n)/(-2*1)?
2
Let o(m) = 8*m**2 + 2*m + 2. Let b be o(3). Let k = b + -41. Suppose 0 = c + 2*c - u - 29, 0 = 5*c + 3*u - k. What is the units digit of c?
9
Let f be 9/(-6) - 501/(-6). Let q = f + -28. What is the units digit of q?
4
Let z = -2 - 0. Let p(l) = -l. Let d be p(z). Suppose 3*x - 7*s + d*s - 26 = 0, 18 = 3*x - 3*s. What is the units digit of x?
2
What is the units digit of 12*-1*(-3)/6?
6
Suppose -2*o = x + o - 22, 4*x - o = 23. Let h = x - 5. Suppose -26 = -h*k + 2*n, -4*k - n = k - 71. What is the tens digit of k?
1
Let z be 6/(-4)*4/(-3). Let l be (-2 + 3)*(3 + -1). What is the units digit of l*(0 + z/2)?
2
Suppose 4*d = 13 - 33, -5*x - 255 = -3*d. Let u = x + 76. Let c = u + -16. What is the units digit of c?
6
Suppose 4*s - 124 = -s + a, 0 = -s + 4*a + 40. What is the tens digit of s?
2
Let v(h) = h**3 - 5*h**2 - 5*h + 7. What is the units digit of v(6)?
3
Let o be 18/(-4)*(-16)/12. Let y = o - 1. What is the units digit of y?
5
Suppose -h = -5 + 2. Suppose 4*u - u - 3 = h*s, 0 = -2*s - 3*u + 18. Suppose 2*p + 3*t = p + 23, -s*p + 44 = 4*t. What is the units digit of p?
8
Let w(x) = -3*x - 1 + 0*x - 5. What is the units digit of w(-5)?
9
Let a(l) = 3*l**2 + l + 2. Let o be a(-2). Let f(b) = -b + 7. Let t be f(7). Let s = o - t. What is the tens digit of s?
1
Let j = 17 + 55. What is the tens digit of j?
7
Let m(y) = 53*y**3 - 9*y**2 + 9*y. What is the tens digit of m(2)?
0
What is the tens digit of 141 + 0 - (11 + -7)?
3
Suppose -j + 3*j + 9 = -b, -3*j + 45 = -5*b. What is the units digit of ((-4)/4)/(1/b)?
9
Let z = -12 - -8. Let r be 3 - (z + 2) - 2. What is the units digit of -1 + r - (-3 + 1)?
4
Suppose 4*l - 197 = d + 4*d, 4*l = 3*d + 203. What is the units digit of l?
3
Let c be (-4)/(-8)*1*206. Let n = c - 24. Suppose -5*f = 9 - n. What is the tens digit of f?
1
Let c be 9/36 - (-2)/(-8). Suppose c = -w + 4*w - 21. What is the units digit of w?
7
Let g = 0 + -7. Let b = 2 - g. What is the units digit of b?
9
Let n = -30 + 80. Suppose 10*h - n = 5*h. What is the units digit of h?
0
Let v be (-141)/(-5) + 2/(-10). Let i = -13 + v. What is the units digit of i?
5
Suppose -2*w - w = 0. Suppose w = 5*r - u - 30, -u + 5*u = 0. What is the units digit of r?
6
Let i(t) = -t**3 - 7*t**2 + 10*t + 5. What is the hundreds digit of i(-10)?
2
Let r be (12 + -10)/(4/(-30)). What is the tens digit of (-250)/r*3/2?
2
Let k(p) = 7*p**2 + 2*p + 5. What is the units digit of k(-3)?
2
Let g(v) = 4 + 2*v + 0 + 0 + 2*v. Let m be g(3). Suppose -2*y = 2*y - m. What is the units digit of y?
4
Suppose -2*s + 33 = 5*j - 0*s, 2*j - 26 = -4*s. Suppose 5*g = g + j*a + 45, 5*g = 3*a + 40. What is the units digit of g?
5
Suppose 6*k - 12 = 3*k. Suppose -k*w + 4*g = -28, -5*w - 1 = -4*g - 39. What is the units digit of 24/w - 6/15?
2
Suppose -5*l - 4*k - 8 = 0, -k - 3*k - 8 = l. Suppose 3 = m - l*y - y, 2*m = -2*y + 10. What is the units digit of m?
4
Let z(f) = -136*f**3 - 3*f - 2. What is the units digit of z(-1)?
7
Suppose 3*c - c = -4. What is the units digit of 36/(-15)*(c - 3)?
2
Let v = 4 + 2. Suppose 12 = -3*h, v*u - 3*u = -5*h - 5. What is the units digit of u?
5
Let v(q) be the second derivative of q**5/20 - q**4/3 - q**3/3 - q**2 + 3*q. Let k be v(5). Suppose -3 = -2*x + k. What is the units digit of x?
8
Suppose -3*u = 4*f - 132, -4*u = -3*f + 11 + 63. What is the units digit of f?
0
Let j = -5 + 8. Suppose 0 = -4*f + 3*t + 4 + 12, -12 = -j*f + 3*t. Suppose l - 4*m = 15, 3*l - 19 = f*m + 10. What is the units digit of l?
7
Suppose 4*f + f - 20 = 0. Suppose 2*h = f*q - 6, 0*q - 3*h + 6 = -q. Suppose c - 12 = -q*c. What is the units digit of c?
3
Let w = 3 - 1. Suppose -w*j = -2 - 6. Suppose -j*b + 4 = -8. What is the units digit of b?
3
Suppose 0 = 2*t - 2*u - 238, -5*t - 3*u - 188 + 783 = 0. What is the hundreds digit of t?
1
Let s = 7 + -4. Suppose 2*v - 13 = -s. What is the units digit of (-2 - (-6)/3) + v?
5
What is the hundreds digit of (1488/4)/3 + 1*-2?
1
Let p be (3/(-4))/((-3)/24). Suppose -5*b = 3*c + 8, 4*c = b - 3*b - p. What is the tens digit of (9 - (b - 2)) + -2?
1
Suppose 0 = 3*f + 7 - 4. Let s = 6 + f. Let g(v) = v**2 - v - 4. What is the units digit of g(s)?
6
Let o(c) = -17*c + 48. What is the hundreds digit of o(-17)?
3
Let c = 279 + -165. What is the hundreds digit of c?
1
Let s = 9 + -6. Suppose 38 = 2*m + 2*l, 39 = -s*m - 2*l + 101. What is the units digit of m?
4
Let t = -22 - -27. Suppose -3*r + 139 = 5*i - 4*r, 0 = 2*i + t*r - 61. What is the units digit of i?
8
Suppose 5*z - 31 - 359 = 0. Suppose 4*y = 3*k - 94, y + 4*y = -2*k + z. What is the tens digit of k?
3
Suppose 4*u - 355 - 177 = 0. What is the tens digit of u?
3
Suppose 7*t + 55 = 2*t. Let y be -5*(-4)/10*-4. Let h = y - t. What is the units digit of h?
3
Let d = 9 + -5. What is the units digit of d?
4
Let p be (-14)/(-35) + 36/10. Let o = p - -5. What is the units digit of o?
9
Let p(c) = -11*c**3 + c - 1. What is the tens digit of p(-2)?
8
Let m be 2/(-8) + (-13)/(-4). Let g(k) = k**3 + k**2 - 10. Let f be g(0). What is the units digit of (-26)/m*15/f?
3
Let n be 1/((-3)/(-18)*2). Suppose n*z - 3 = 3. Suppose 7 = z*h + 1. What is the units digit of h?
3
Let l(n) be the third derivative of 0 - 1/24*n**4 + 0*n + 3*n**2 + 1/3*n**3. What is the units digit of l(-3)?
5
Let d = 60 - 21. What is the units digit of d?
9
What is the units digit of (3 - (-7)/(-2))*-22*1?
1
Suppose 0*h - 80 = -5*h. Suppose 0 = -2*n + 28 + h. What is the units digit of n?
2
Suppose 3*x = n - 53, -11 = 2*x - 3. What is the units digit of n?
1
Suppose 21 - 414 = -3*d. Suppose 2*q = 11 + d. Suppose -4*o = -5*f - q, -2*o - o + 4*f = -54. What is the units digit of o?
4
Suppose -4*d + 27 = 7. Su